 48751?
False
Is 683 a factor of 1833919?
False
Is 61 a factor of 527833?
True
Does 199 divide 1858443?
False
Is 323829 a multiple of 33?
True
Is 3 a factor of 215594?
False
Does 102 divide 235662?
False
Does 1031 divide 17887850?
True
Does 353 divide 458900?
True
Is 175794 a multiple of 249?
True
Does 262 divide 1353800?
False
Does 80 divide 5988480?
True
Does 1052 divide 882218?
False
Is 64 a factor of 11955589?
False
Is 573900 a multiple of 228?
False
Is 137340 a multiple of 28?
True
Is 2070362 a multiple of 6?
False
Is 156800 a multiple of 10?
True
Does 30 divide 191510?
False
Is 1548765 a multiple of 9?
True
Is 471177 a multiple of 21?
True
Is 553 a factor of 1756328?
True
Does 9 divide 1081530?
True
Does 102 divide 2295858?
False
Is 25 a factor of 2328971?
False
Does 68 divide 1384888?
True
Does 7 divide 239680?
True
Is 72 a factor of 105120?
True
Does 958 divide 9910510?
True
Is 30 a factor of 2414970?
True
Is 137514 a multiple of 246?
True
Is 23644 a multiple of 92?
True
Is 391 a factor of 26150?
False
Is 90554 a multiple of 29?
False
Is 182148 a multiple of 6?
True
Does 13 divide 213668?
True
Is 395 a factor of 1494644?
False
Does 5 divide 117386?
False
Is 282 a factor of 100110?
True
Is 56840 a multiple of 39?
False
Is 4 a factor of 2582073?
False
Is 27969 a multiple of 50?
False
Is 165290 a multiple of 5?
True
Is 167148 a multiple of 844?
False
Is 68561 a multiple of 17?
True
Is 269445 a multiple of 69?
True
Is 10 a factor of 1653833?
False
Is 13650680 a multiple of 376?
True
Does 240 divide 992070?
False
Is 26412 a multiple of 372?
True
Does 12 divide 1345310?
False
Does 118 divide 18235820?
False
Does 242 divide 23487?
False
Does 15 divide 447390?
True
Is 201072 a multiple of 8?
True
Does 26 divide 567?
False
Is 309 a factor of 305292?
True
Is 749 a factor of 1158436?
False
Does 30 divide 390180?
True
Is 3675951 a multiple of 789?
True
Does 96 divide 4547712?
True
Does 739 divide 487001?
True
Is 131 a factor of 60910?
False
Does 217 divide 209188?
True
Is 342832 a multiple of 1152?
False
Does 12 divide 3861413?
False
Is 323 a factor of 307047?
False
Is 14 a factor of 167591?
False
Is 330648 a multiple of 69?
True
Is 372750 a multiple of 21?
True
Is 14445587 a multiple of 8?
False
Is 3951045 a multiple of 1116?
False
Is 48692 a multiple of 14?
True
Is 238 a factor of 12646114?
False
Is 284 a factor of 109532?
False
Is 37938 a multiple of 17?
False
Does 66 divide 84876?
True
Does 22 divide 33112?
False
Is 25636 a multiple of 13?
True
Does 137 divide 81069?
False
Is 952673 a multiple of 265?
False
Is 279256 a multiple of 156?
False
Does 50 divide 1607153?
False
Is 418 a factor of 986898?
True
Is 26546 a multiple of 181?
False
Does 8 divide 79000?
True
Is 51243 a multiple of 19?
True
Does 30 divide 118004?
False
Is 271 a factor of 1585350?
True
Does 35 divide 1080205?
True
Is 13 a factor of 12967924?
False
Does 16 divide 40609?
False
Is 14 a factor of 58856?
True
Is 1146116 a multiple of 7?
False
Is 175 a factor of 26419?
False
Does 55 divide 28626?
False
Is 890560 a multiple of 320?
True
Does 44 divide 341242?
False
Is 12068 a multiple of 5?
False
Is 12 a factor of 45055?
False
Is 1098240 a multiple of 1173?
False
Is 32 a factor of 86272?
True
Does 522 divide 405466?
False
Is 566297 a multiple of 167?
True
Is 30 a factor of 5758724?
False
Is 19547616 a multiple of 1038?
True
Is 68448 a multiple of 276?
True
Is 540484 a multiple of 303?
False
Is 1919912 a multiple of 743?
True
Does 227 divide 7705969?
True
Is 27 a factor of 509706?
True
Is 3638880 a multiple of 60?
True
Is 485 a factor of 5153670?
False
Is 15180254 a multiple of 8?
False
Is 616954 a multiple of 47?
False
Is 338310 a multiple of 270?
True
Does 103 divide 71606?
False
Is 119184 a multiple of 183?
False
Is 87 a factor of 280496?
False
Is 638369 a multiple of 10?
False
Is 23034 a multiple of 33?
True
Is 1719657 a multiple of 17?
False
Does 127 divide 269933?
False
Does 9 divide 92196?
True
Does 12 divide 367716?
True
Is 24652164 a multiple of 211?
False
Is 9672691 a multiple of 95?
False
Does 14 divide 14640794?
True
Does 182 divide 652652?
True
Is 68 a factor of 396058?
False
Is 184 a factor of 1493476?
False
Is 966761 a multiple of 60?
False
Is 11158938 a multiple of 378?
True
Is 5 a factor of 421865?
True
Is 334292 a multiple of 28?
True
Is 157 a factor of 941843?
True
Is 9 a factor of 1220346?
True
Is 547 a factor of 2908946?
True
Is 32 a factor of 5261607?
False
Does 58 divide 414077?
False
Is 406333 a multiple of 579?
False
Does 154 divide 19009760?
True
Does 21 divide 402284?
False
Is 294 a factor of 92904?
True
Is 666 a factor of 386280?
True
Is 1559901 a multiple of 1239?
True
Is 34 a factor of 99790?
True
Is 362 a factor of 382272?
True
Is 56826 a multiple of 3?
True
Is 1052280 a multiple of 370?
True
Is 22 a factor of 536954?
True
Is 510931 a multiple of 24?
False
Does 150 divide 2060250?
True
Is 166402 a multiple of 126?
False
Is 14 a factor of 3631782?
True
Does 30 divide 10320870?
True
Is 108 a factor of 174410?
False
Is 77 a factor of 162624?
True
Is 845274 even?
True
Is 288 a factor of 3741560?
False
Does 264 divide 3323232?
True
Does 17 divide 283084?
True
Is 247 a factor of 54143?
False
Is 28 a factor of 157917?
False
Does 144 divide 60048?
True
Does 19 divide 273714?
True
Does 84 divide 286013?
False
Does 53 divide 324307?
True
Does 561 divide 5316205?
False
Is 350 a factor of 17336?
False
Does 227 divide 1107899?
False
Is 228133 a multiple of 19?
True
Is 67 a factor of 222373?
True
Is 3843 a multiple of 21?
True
Does 127 divide 3215767?
True
Is 1657894 a multiple of 423?
False
Does 227 divide 3371631?
True
Is 83 a factor of 18947251?
False
Is 163089 a multiple of 20?
False
Does 125 divide 521500?
True
Is 146403 a multiple of 4?
False
Is 1902544 a multiple of 16?
True
Is 72659 a multiple of 136?
False
Does 36 divide 1538640?
True
Does 13 divide 19946641?
True
Is 7436 a multiple of 26?
True
Is 721948 a multiple of 9?
False
Is 3947788 a multiple of 316?
True
Does 8 divide 4303416?
True
Is 149694 a multiple of 10?
False
Is 617768 a multiple of 4?
True
Is 400022 a multiple of 14?
True
Does 27 divide 2587599?
True
Is 209580 a multiple of 14?
True
Is 15 a factor of 3462786?
False
Does 175 divide 28108?
False
Does 407 divide 165649?
True
Does 16 divide 192352?
True
Is 744549 a multiple of 221?
True
Does 280 divide 8865920?
True
Is 515885 a multiple of 108?
False
Does 48 divide 2846880?
True
Does 12 divide 309504?
True
Is 92 a factor of 82564?
False
Is 1574166 a multiple of 391?
True
Does 298 divide 1071789?
False
Does 13 divide 985028?
False
Is 1382100 a multiple of 255?
True
Does 327 divide 366567?
True
Does 761 divide 595854?
False
Is 424 a factor of 576660?
False
Is 30120 a multiple of 10?
True
Does 172 divide 432665?
False
Does 82 divide 131938?
True
Is 898 a factor of 636746?
False
Is 45 a factor of 18885?
False
Is 74296 a multiple of 37?
True
Is 167 a factor of 145123?
True
Is 11408 a multiple of 109?
False
Does 1240 divide 14083927?
False
Is 7 a factor of 1611995?
True
Is 11 a factor of 929060?
True
Does 23 divide 25678?
False
Does 180 divide 4962780?
True
Is 173 a factor of 7901429?
True
Is 319447 a multiple of 13?
False
Is 260 a factor of 2637866?
False
Does 888 divide 37102255?
False
Is 309 a factor of 85593?
True
Is 264 a factor of 440816?
False
Is 1950 a multiple of 76?
False
Is 249 a factor of 205109?
False
Does 661 divide 2017372?
True
Is 72 a factor of 369797?
False
Does 10 divide 18807?
False
Is 173 a factor of 191684?
True
Does 314 divide 221684?
True
Is 2209704 a multiple of 49?
True
Is 2530941 a multiple of 573?
True
Does 37 divide 365655?
False
Is 172 a factor of 184177?
False
Is 2 a factor of 45968?
True
Is 564 a factor of 476016?
True
Is 379962 a multiple of 120?
False
Does 188 divide 246895?
False
Is 654 a factor of 511713?
False
Does 8 divide 502784?
True
Is 3214917 a multiple of 15?
False
Is 138 a factor of 57186?
False
Is 48 a factor of 356080?
False
Is 507 a factor of 7102056?
True
Is 24 a factor of 121176?
True
Does 50 divide 278618?
False
Is 34 a factor of 3278756?
True
Is 319 a factor of 4461215?
True
Does 53 divide 627997?
True
Does 148 divide 4463354?
False
Is 8978346 a multiple of 234?
True
Does 147 divide 9944109?
True
Is